).
2
Let w(r) = r - 6. Suppose 0 = 6*q + 25 - 67. What is w(q)?
1
Let o = -11 + 13. Let a(c) = 6*c**2 + 13*c**o - 20*c**2. Let t(q) = q**3 + 4*q**2 + q - 4. Let z be t(-3). Determine a(z).
-4
Let h(l) = -l**3 - l. Let b(t) = -5*t**3 + 6*t**2 - 2*t + 1. Let k(n) = -b(n) + 6*h(n). What is k(-5)?
-6
Let p(g) = -2*g**3 + g. Let f(y) = -3*y + 1. Let a be f(0). Determine p(a).
-1
Let r(b) = -6*b**3 + b - 1. Suppose 0 = 2*c + 3*v - v + 2, -5*v + 3 = c. Let u be (8/(-20))/(c/5). What is r(u)?
-6
Suppose 3*d = 15, -5*k = -k + d - 17. Let o(u) = 3*u**2 - 4*u + 2. Calculate o(k).
17
Suppose 2*u - 3*u + 3*y = -5, 4*y = 3*u - 15. Let a(q) = q**3 - 6*q**2 + 7*q - 4. Calculate a(u).
6
Let d(t) = 7*t**2 - 8*t**2 - 2*t**3 + 3*t**3 - 1. What is d(0)?
-1
Suppose -5*p = 2*n - 45, 4*p + 4*n + 14 = 62. Let t(c) = 2*c - 7. Determine t(p).
7
Let y = -4 - -5. Suppose 5*k = -14 - y. Let o(i) = -13*i**2 - 12*i - 17. Let g(n) = -7*n**2 - 6*n - 9. Let v(j) = 11*g(j) - 6*o(j). What is v(k)?
-6
Let u(y) = -2*y + 4. Let v(d) be the second derivative of -d**3/6 - d**2 - 3*d. Let q be v(-2). Suppose q = -5*a + 2*a + 9. Calculate u(a).
-2
Let i be (16/(-10))/(8/(-20)). Let h(r) = -4 + i + 6*r - 5*r. What is h(6)?
6
Let o = -16 + 18. Let q(k) = -3*k + 2 + 2 - 1. Determine q(o).
-3
Let q be 185/20 + 2/(-8). Let h(l) = l - 7. Let k(f) = -2*f + 14. Let c(o) = q*h(o) + 4*k(o). What is c(-5)?
-12
Let r(a) = a**2 - 4*a + 1. Let q(g) = g + 4. Let s be q(-4). Suppose -d - 2*x + 14 = 0, 3*d + s*d - 3*x = -3. What is r(d)?
1
Let j(c) = -20*c**2 + 2*c + 5. Let b(z) = -7*z**2 + z + 2. Let v(d) = 8*b(d) - 3*j(d). Let w = -35 + 34. Calculate v(w).
3
Let z(h) = h. Let o(r) = -r**2 + 6*r**2 - 2 + 5*r + 1 - r**2. Let f(a) = o(a) - 5*z(a). What is f(1)?
3
Let w(o) be the first derivative of o**4/4 - o**3 - 3*o**2 + 3*o + 1. What is w(4)?
-5
Let d(f) be the first derivative of -11*f**3/3 + f**2/2 - f + 2. Suppose 11*q = 15*q - 4. Calculate d(q).
-11
Suppose 2*t - 5 = t. Let o(w) = 0 + 2 + 2 + 2*w + t. What is o(-6)?
-3
Let k = -2 - -1. Let i be (k - -2)*(-2 + -16). Let l be 3/(-12) + i/(-8). Let j(n) = -3*n**2 + 3*n - 1. Calculate j(l).
-7
Suppose -2*m + 1 = -3*m, 4*j = 2*m + 22. Let k(z) = z**2 - 3*z - 3. What is k(j)?
7
Let s(p) = 20 - 3*p - 39 + 2*p**2 + p**3 + 15. Determine s(-3).
-4
Let a(z) = z**2 - 3*z + 4. Let y(n) = -2*n**2 + 7*n - 7. Let g be 3/(9/60 - 0). Let v be 104/g + (-2)/10. Let c(t) = v*a(t) + 3*y(t). Calculate c(5).
4
Let i(w) be the first derivative of -w**4/4 - 4*w**3/3 - w**2/2 + w - 1. Suppose 3*j + 4 = -3*n + 1, 2*n + 5*j = 1. Let c be (-42)/9 + n/(-3). Calculate i(c).
5
Let g(p) = -3*p**3 - 2*p + 1. Let k(u) = -u**3 - u**2. Let b(v) = g(v) - 2*k(v). Determine b(1).
0
Let v(i) = -4 - 4*i**2 + 4*i**2 + 4*i + 3 - i**2. Let z(n) = n - 1. Suppose -4 = 4*f - 0*f. Let c(d) = f*v(d) + 5*z(d). What is c(-4)?
8
Suppose 7 + 1 = 4*p. Let w(l) be the first derivative of l**4/4 - 2*l**3/3 - l**2/2 + 2*l - 39. Determine w(p).
0
Suppose 3*c - 4 = -5*m - 12, -c - 4*m = 5. Let l(n) = -23*n**2. Calculate l(c).
-23
Let w(o) be the third derivative of o**6/120 - o**5/12 - o**4/12 + 2*o**3/3 - o**2. Let m be ((-33)/(-9))/(1/3). Let h = -6 + m. Calculate w(h).
-6
Let u(c) = 15*c - 1 + c**2 + 4 - 4*c - 14*c. Determine u(4).
7
Let h(p) = p - 3 + 6 + p + p**2 + 0. Let x be (-3)/(-2)*12/(-9). Determine h(x).
3
Suppose -5*r - 5 - 10 = 0. Let c(l) = -13*l**3 - 17*l**2 + 17*l - 3. Let k(s) = 3*s**3 + 4*s**2 - 4*s + 1. Let f(p) = 2*c(p) + 9*k(p). What is f(r)?
0
Let c(n) = 2*n + 12. Let m be c(-5). Let g(z) = -10 - 9*z + 10*z**2 - 9*z**m - 2*z**2. What is g(-7)?
4
Let i(f) = 19*f - 7*f - 8*f + f**3 + 1 + 6*f**2. What is i(-5)?
6
Suppose 0 = 20*u - 14*u - 24. Let y(j) = 0 + j + j - 4. Calculate y(u).
4
Suppose 9*x - 11*x = -12. Let z(t) = -t**2 + 6*t + 7. Calculate z(x).
7
Suppose 4*x + 20 = -4. Let h(n) = -2 + 5*n + 5*n**2 - 1 + 2 - 4*n**2. Calculate h(x).
5
Let o(x) = 7*x + 3 - 5*x + 3*x**2 - x**3 - 3*x + x**2. What is o(4)?
-1
Let w be (-2 - -1)*(-2 + 1). Let r(o) be the second derivative of o**8/1120 + o**4/6 - 2*o. Let y(p) be the third derivative of r(p). Give y(w).
6
Let b(o) = -o**3 - 3*o**2 + 1. Suppose 0 = a + 12 - 10. Determine b(a).
-3
Suppose -2*r = -0*r - 4. Let p(x) = 2*x**3 - 3*x**2 + x**2 - 3*x**r - 3*x**3 - 1. Give p(-5).
-1
Let u(r) = r**2 - 11*r. Let d(o) = o. Let k(h) = 5*d(h) + u(h). Determine k(5).
-5
Let c be 28/(-6)*(-3)/(-2). Let k(l) = 5*l. Let j(x) = 8*x. Let h(b) = c*k(b) + 5*j(b). What is h(1)?
5
Let n(z) = -z - 2. Let t be n(-9). Let l(v) = v**2 - 5*v - 6. Determine l(t).
8
Suppose -31 = 4*z - 7*y + 2*y, 4*y = 12. Let q(l) = -2*l - 6. Determine q(z).
2
Let i(k) = -k**3 - 8*k**2 - 7*k - 8. Let v(t) = -t - 1. Let w(h) = i(h) - 5*v(h). Give w(-8).
13
Suppose 0 = 3*m - 6. Let x(s) = -s**m + 0 - 19*s - 7 + 26*s. What is x(5)?
3
Suppose -3*a = -8*a + 25. Let q(i) = -1 + i**2 + 0*i**2 - i - 5*i + a. What is q(4)?
-4
Let k(p) = p + 1. Suppose -5*g - 3 = -v, -2*v - 3 = -3*v - 2*g. Let f = 73 - 101. Let w be v/4 + 21/f. What is k(w)?
1
Let v(q) be the first derivative of 5*q**2/2 - 3*q - 2. Calculate v(3).
12
Let t(f) = -f - 1. Let b(o) = -5*o - 27. Let m be b(-5). Calculate t(m).
1
Let i(q) = -q**2 + 4*q - 2. Let x(t) = -t**2 - 6*t + 8. Let n be x(-6). Let g = n - 5. Suppose -6*c + 2*j = -5*c - 7, -g*j + 12 = 3*c. What is i(c)?
-7
Let b be (5/3)/((-4)/(-12)). Let d(k) = -b*k + 3 + 3*k**2 - 5*k**2 + k**2. Let g be -2 - (-1 + -2) - 6. Calculate d(g).
3
Let u(n) = n**3 - n**2 - 5*n + 2. Suppose 4*r = 3 + 9. Suppose 4*l + r = 5*g + 8, -5*g = l - 20. Determine u(g).
5
Suppose 3*c - 12 = 0, -o - 7 = c - 4*c. Let t(v) = -v + 3. Calculate t(o).
-2
Let v(a) = -a**2 - a. Let q(b) = -b**2 - 2*b + 1. Let z(r) = 5*q(r) - 6*v(r). Calculate z(4).
5
Let o(w) = -w**2 + w + 2. Let m be o(0). Let q(g) = -5*g + 3 + 4*g + g**3 + 1 + 3*g - 5*g**m. Give q(4).
-4
Let h(b) = 12*b - 7. Let a be h(1). Let q(r) = r**3 - 6*r**2 + 5*r + 1. What is q(a)?
1
Let t = 4 - 1. Let v(y) be the first derivative of 3 - 1/3*y**3 + 5/2*y**2 + 0*y. Calculate v(t).
6
Let h(y) = 8*y**2 - 13*y**3 - 3*y - 4*y - 22 + 10*y + 1. Let v be 3 + 1*(-1 + 0). Let m(b) = -3*b**3 + 2*b**2 + b - 5. Let p(a) = v*h(a) - 9*m(a). What is p(2)?
-3
Let c(h) be the third derivative of h**6/40 + h**5/30 - h**4/8 - h**3/3 - 3*h**2. What is c(-2)?
-12
Suppose 5*z = 2*z + 15. Let q(g) be the third derivative of g**6/120 - g**5/15 - g**4/8 - 2*g**3/3 + 12*g**2. Give q(z).
6
Suppose -5*w = 2*v + 3 + 8, -4*w - 6 = 3*v. Let y(a) = 2*a**3 + 2*a**2 - a - 1. Give y(v).
21
Suppose 0 = 5*g + t - 65, 5*g - 11 = 4*t + 29. Suppose 0 = 3*d - g + 3. Let j(m) = m**2 - 2*m - 2. Give j(d).
1
Let y(f) = 8*f - 3*f - f**2 + 2*f**2 + 1 - 2*f. Suppose -2*q - 8 = -3*q. Suppose 0 = 5*x - q*x - 6. What is y(x)?
-1
Let m(a) be the third derivative of -a**5/30 - a**4/24 - a**3/6 - 3*a**2. Suppose -2*d + 3*l - 6 + 4 = 0, -2*l = -d - 1. Give m(d).
-2
Let i(r) = -3*r**2 + 3. Let h(l) = 5*l**2 - 5. Let v(b) = 5*h(b) + 8*i(b). Give v(3).
8
Let b(u) = -u. Let w(o) = 5*o**2 - 4*o - 1. Let m(p) = 5*b(p) - w(p). Let y(c) be the first derivative of m(c). What is y(1)?
-11
Let b(o) = -11 - o + 16 - 2. What is b(0)?
3
Let s(k) = -k**3 + 4*k**2 + 7*k - 5. Let x be (-17)/34*-10*1. Suppose 0 = -3*n - 4*j + 2*j + 5, 0 = 3*n + x*j + 10. What is s(n)?
5
Let x(j) be the second derivative of 0 - 1/6*j**3 + j**2 - 4*j. What is x(5)?
-3
Let y(f) = f - 4. Suppose i + 0*i - 2 = 0. Let t = i - 9. Let k(c) = c**3 + 8*c**2 + 7*c + 5. Let z be k(t). What is y(z)?
1
Let w(u) = -2*u + 15. Let v(n) = 1. Let s(y) = -6*v(y) + w(y). Determine s(6).
-3
Let c(p) be the first derivative of 0*p**2 + 1 + p - 2/3*p**3. Suppose -12*g + 8 = -4*g. What is c(g)?
-1
Let i(h) = h + 3 - 6 - 5. Let k = -343 + 350. Give i(k).
-1
Let o(s) be the third derivative of -s**5/120 + s**4/12 + s**3/3 - 4*s**2. Let c(p) be the first derivative of o(p). Determine c(2).
0
Let x(l) = l**2 - l - 12 - 18 - 12 + 40. Calculate x(5).
18
Let y(g) = -2*g + 5. Let z = -122 + 129. What is y(z)?
-9
Let n be (-6)/(-1 + (4 - 2)). Let q(y) = y**2 + 6*y - 4. Calculate q(n).
-4
Let n be 1*(6 + -1 + -1). Suppose 0 = -j - n*j - 10. Let i(p) = -35*p - 5*p - 2 + 37*p. Give i(j).
4
Let x(o) = o**3 + o. Let t = -3 + -11. Let v = t - -15. Determine x(v).